-5
What is the value of -4 - ((3 - (4 - 4)) + -4)?
-3
What is (-13 - (3 + -29)) + -12?
1
What is -1 + (0 - -1) + (3 - 5)?
-2
What is -5 - (-6 - -5) - -6?
2
Evaluate 4 + (-3 - (0 + -6)) - 14.
-7
What is the value of (10 - (-1 + 13)) + 7?
5
What is (0 - (1 - -1 - -4)) + 5?
-1
What is 8 + (-5 - 19) + 9?
-7
What is (-3 - (-4 - 0)) + 6 + -3?
4
What is the value of -4 + (29 + -11 - 6)?
8
Calculate -3 - -2 - 3 - -1 - -4.
1
Evaluate (-4 - 1) + (9 - 9).
-5
Calculate (3 - 7) + 2 + 3 - 5.
-4
What is 0 + -5 - (1 + -7)?
1
-3 + 4 + 1 - (0 + -1)
3
What is the value of 1 + 3 - (-31 - -33) - 0?
2
Calculate (2 - 13 - -7) + 1.
-3
What is the value of 0 - 0 - (2 + -3 - 3)?
4
What is (-1 - -3) + -1 - -4?
5
(-3 - 0) + (9 - 7)
-1
0 + 2 - (3 - (1 - 3))
-3
What is the value of 2 - ((2 - 4) + (-8 - -8))?
4
What is the value of 8 + -1 + -1 - (13 - 14)?
7
1 - (10 - (-4 - -10))
-3
Evaluate 1 + -7 - (14 + (0 - 12)).
-8
Calculate 7 + 3 + (-5 - 1).
4
What is 4 + -1 - (2 - (-2 + 6))?
5
What is 5 + (8 - 6) + 0?
7
Calculate 16 + -1 + -8 + -7.
0
What is the value of 0 + -3 + 31 + -15 + -7?
6
Calculate 1 - (0 - (7 + -4)).
4
Evaluate 1 + 0 - ((-1 - -6) + -3).
-1
(-5 - -9) + -5 + -2 + 3
0
Evaluate -5 + (1 - (3 + 1 + -4)).
-4
-11 - -5 - -4 - 4
-6
8 + (-4 - 16) - -10
-2
Calculate -2 + 1 - (18 - 16).
-3
Calculate 2 - (1 - (3 + 0 + -1)).
3
-21 - -18 - (1 - 0)
-4
Calculate -5 + -4 + 3 - -2 - -3.
-1
Evaluate 0 - (-3 + 1 + 8 - 4).
-2
What is the value of (-1 - -4) + (-2 - (6 + -3))?
-2
Calculate 0 + -6 - (-13 - -12).
-5
1 + -1 + (6 - (1 + 0))
5
What is the value of 3 - (4 + 7 + -7)?
-1
Evaluate -7 + (-5 - -3) + 8 + -2.
-3
What is (-6 - -3 - -7) + -4?
0
-6 - (-3 - 5 - -4)
-2
Evaluate -6 + (7 - 7) + 0 - -6.
0
Evaluate -1 + -3 + 2 + -1.
-3
Evaluate -1 + 2 - -3 - (9 + -6).
1
What is 9 - (-10 + 4 - -18)?
-3
What is 10 + -11 - (4 + (-5 - -3))?
-3
Evaluate -2 + 4 + (-4 - (0 - 1)).
-1
4 - 3 - 0 - (4 - -1)
-4
What is -13 + 13 - (-1 + 1)?
0
What is 1 - -1 - 3 - 1?
-2
What is the value of 2 + (1 - 5) - 3?
-5
What is the value of 4 - (-3 + 6 + 5)?
-4
What is the value of -2 - (3 + -4 + -3)?
2
Evaluate -2 + 1 - 2 - (-25 - -18).
4
3 + (4 - 1) - 11
-5
What is (-17 - (-5 - 6)) + (-2 - 1)?
-9
(-4 - 0) + 7 - 0
3
Evaluate 5 + 11 + (-6 - 4).
6
What is 4 + (7 - 22) + 18?
7
(-5 - (9 + -20)) + -8
-2
Evaluate 2 + 2 + 1 - 1.
4
Calculate 1 + -4 + 6 - (2 + -1).
2
77 + -74 + -8 + 1
-4
Evaluate -4 + 0 - (8 - 15).
3
What is 27 - 19 - (1 - -3)?
4
Calculate (-1 - (-4 - (-6 - 0))) + 0.
-3
What is the value of -5 + 1 + -3 - (34 + -48)?
7
Evaluate (20 - 17) + (2 - 13).
-8
Evaluate -8 + (-11 - -30) - 6.
5
Evaluate 1 - -5 - (8 + 7 - 16).
7
Evaluate -9 + 1 + -3 + 6.
-5
Calculate 3 + -4 + 10 + -1.
8
What is the value of -1 - (2 - -2) - (87 - 91)?
-1
Calculate -1 - (3 - (1 + -1)) - -8.
4
What is 4 + 0 + -2 + 83 + -79?
6
Evaluate -5 - (-10 - (-3 - 8)).
-6
What is -23 + 9 + 9 + 4 + 1?
0
Evaluate -4 - (-7 + (1 + 7 - 3)).
-2
Calculate 5 - (-6 + 7 + -1).
5
What is -4 + 1 + (0 + 6 - -1)?
4
What is the value of -4 - -3 - (0 - (-4 - -6))?
1
Calculate (-1 - (2 + -3)) + (14 - 9).
5
-52 + 46 + (-3 - -2) + 6
-1
What is 4 + -5 + -2 + 4 - 0?
1
Evaluate (-1 - -3 - 3) + -4.
-5
What is the value of 1 - -3 - (-5 + (13 - 6))?
2
What is 6 - (0 + (-4 - -2) - -3)?
5
3 - -1 - (-5 + 4) - 4
1
What is (1 + 7 + -3 - 7) + 9?
7
What is the value of (4 - 2) + -3 + 5 - 4?
0
What is the value of 13 - 1 - (247 - 234)?
-1
Evaluate 1 + -6 + (-11 - -11).
-5
Evaluate 0 + 4 + (-123 - -120).
1
1 - (-7 - (-10 + 4))
2
Evaluate -7 - (-14 + -3) - 10.
0
9 - (17 - (18 - 8))
2
-6 + 10 - 0 - -2
6
What is the value of 0 - 0 - (-5 - (-4 - -3))?
4
What is the value of -2 - -2 - (2 + -7)?
5
-9 - ((-3 - 4) + 3)
-5
What is the value of 2 + (7 + -3 - 3)?
3
Calculate 5 - (-6 + 2 - -6).
3
-9 - -13 - ((-3 - -2) + 7)
-2
1 + (2 - 3) + -1 - 6
-7
What is the value of -1 + 1 - (-1 + -5 + 2)?
4
6 - (11 + -1) - -3
-1
What is (0 - (-3 + (0 - 0))) + 2?
5
-12 - -1 - (322 - 342)
9
Calculate 47 + -48 + (6 - 0).
5
-3 + 4 + 4 - (4 + 0)
1
2 - ((-5 - -1) + 12)
-6
What is -2 - 1 - (-5 - -2 - 1)?
1
Calculate -6 - ((4 - 0) + -8).
-2
What is -1 + (5 - 4) + -3 - -5?
2
Evaluate 5 + (12 - 13 - 11).
-7
Calculate -7 - (-5 + -14 + 6).
6
Calculate 5 + 0 + (-26 - -24).
3
What is 17 - 36 - -22 - (0 + 0)?
3
Calculate 4 - ((-2 - (5 + -8)) + 1).
2
Calculate (-2 - (-5 + 3)) + -3 + -1.
-4
What is (-8 - 4) + 1 + (10 - 3)?
-4
What is the value of -13 + 2 + -1 + 6?
-6
Calculate -5 + 2 + -1 + 0.
-4
What is -4 + 3 + -6 + 6?
-1
What is (-4 - -7) + -4 - (4 - 0)?
-5
Evaluate 0 + (0 - (-3 + 4)).
-1
Calculate 6 + 0 + 2 + -11.
-3
Calculate (1 - 1) + (2 + -1 - -4).
5
2 - 10 - (2 - 6)
-4
What is (-113 - -105) + (4 - 0)?
-4
3 - (8 + -2) - (9 + -13)
1
What is 3 + -3 + -3 - -1?
-2
What is the value of -3 + (-9 - -5) + 6 - -6?
5
What is the value of (-4 - (-1 + 3)) + 12?
6
Evaluate (-6 - -3 - -6 - 5) + 8.
6
Calculate (2 - 2) + 2 + -6.
-4
Calculate (-11 - -20) + -2 + -1.
6
Evaluate (7 - 3) + -1 - (1 - 1).
3
Evaluate -9 + 8 + (-1 - 0).
-2
Calculate 5 + -6 - -2 - 5 - 3.
-7
What is 2 + -1 + (-9 - 3) + 14?
3
What is the value of 1 + (-2 - 2) + (8 - 4)?
1
(2 - 2) + -11 + (80 - 74)
-5
Evaluate 9 + -8 + (11 - (3 - 0)).
9
(-7 - -3) + 16 + (-1 - 2)
9
What is the value of -3 - (-4 + (-2 - -2)) - 3?
-2
What is (-3 - 0) + (5 - -5)?
7
What is 2 - -1 - (-2 - -2)?
3
Calculate 58 - 79 - (1 + -13).
-9
-3 + -1 + 0 - (0 - 7)
3
Evaluate 6 + 1 + (-1 - (2 + 1)).
3
What is the value of 4 - (1 - 1) - (84 + -81)?
1
What is the value of 0 + (-6 - (-3 + 1))?
-4
Evaluate (1 + 3 - 2) + -6.
-4
What is 5 + (-5 - (19 - 8))?
-11
What is 0 + -4 + 125 + -112?
9
Evaluate 4 - 1 - (30 - 24).
-3
What is -2 - -1 - (-12 + 8)?
3
Calculate -2 + (2 - -1 - (13 - 7)).
-5
What is (0 - -6) + (-1 - 8) + 8?
5
What is 3 + (6 - 2) + -7?
0
What is the value of 9 + -5 - (9 + -5 - 2)?
2
What is -5 - (3 - (9 + -3))?
-2
-5 - (5 + -8 - 5)
3
What is the value of -6 + (-6 - -1) + 51 + -46?
-6
Evaluate (-5 - -3) + -2 + 0.
-4
Evaluate 4 + 1 + -1 + -4.
0
What is the value of (-2 - 2) + 11 + -2 + -2?
3
Calculate -6 - (-6 + -6 + 1).
5
-76 + 57 + (-2 - -13)
-8
Evaluate -5 + 14 - (5 + 2).
2
What is the value of -7 - (-1 - (1 + 1))?
-4
4 + 4 + -5 + -8
-5
What is the value of -4 + 2 + (2 + 2 - -1)?
3
Evaluate 5 - (-1 + -3 - (-24 - -20)).
5
Evaluate 2 + -4 - (7 + -10).
1
What is 8 + -8 - (-3 + 1)?
2
Calculate -4 - (10 + -6 + -8).
0
Calculate (-5 - -1) + 7 + -1 + -6.
-4
What is the value of 7 - (4 + -2 + 0 - 2)?
7
What is the value of -7 - (-5 + 2) - -1?
-3
Evaluate -7 - (-1 - 2 - 3 - 5).
4
Calculate (-6 - -2) + (-1 - -1).
-4
Evaluate 30 - 23 - (3 + (1 - 3)).
6
Evaluate -6 + -4 + 5 - -8.
3
Calculate 2 + -4 + 4 + 2 + -4.
0
Evaluate -3 - (1 - 0) - 0.
-4
What is the value of 7 - (14 - (9 - 5))?
-3
What is the value of -1 + 5 + (0 - -2) + 0?
6
Calculate (0 - (-10 + 19)) + -4 + 4.
-9
Evaluate 4 + 4 + -5 + 1.
4
What is the value of (0 - 1) + -2 - (-3 + -1)?
1
What is the value of (5 - 4) + 8 - (15 + -9)?
3
Calculate 0 + -3 + 5 + -5.
-3
1 + -2 + 2 + (2 - 0)
3
Calculate (-2 - (-6 - -9)) + (-1 - -5).
-1
Calculate 4 - (1 + 0) - 6 - -3.
0
What is the value of -7 + -20 + 11 + 7?
-9
4 + -8 + 8 + (3 - 6)
1
What is 0 - 1 - 0 - (-3 - -6)?
-4
Calculate 7 + -1 + (-9 - -2).
-1
What is the value of 5 + -8 + -14 + 10?
-7
Calculate (-7 + 6 - -9) + -3.
5
What is 1 + -5 + (3 - 4)?
-5
(-6 - -2) + (3 - 2)
-3
What is -2 + -7 + 4 + (0 - -1)?
-4
What is 0 + -1 - (-7 - -6 - 0)?
0
Calculate (-4 - 3) + (0 - -8) - 11.
-10
What is the value of (-2 - -8) + -1 - (0 - -10)?
-5
Evaluate (-2 - (-1 - (-2 + 3))) + 2.
2
What is the value of (0 - (-8 - 0)) + (4 - 8)?
4
Evaluate 1 + 3 + -2 + -2 + -4.
-4
(2 + -2 + -6 - 1) + 6
-1
What is the value of (3 - 0) + (-6 - (-7 - 4))?
8
2 + 1 + 1 + -2
2
(6 - (-6 + 21)) + 5
-4
(3 - (-2 - -6)) + 1 - -6
6
What is 1 - (6 + -9 - (0 - 5))?
-1
Calculate 47 - 46 - (1 + 5).
-5
-4 + -2 + 6 + (3 - -2)
5
Calculate 5 + (11 - (-15 + 27)).
4
0 - 3 - (0 - -2)
-5
11 + -14 + -1 + 8 + -2
2
What is -1 + 8 - (-26 - -32)?
1
Evaluate 4 - 8 - 0 - -2.
-2
What is the value of (116 - 124) + (-1 - -8) + -1?
-2
2 + (3 - 7) + -1 - 3
-6
What is the value of 8 - (5 - 2 - -1)?
4
Evaluate -10 - (-4 - -2) - -4.
-4
What is the value of -232 + 242 - (1 + 1 + -1)?
9
What is 5 - 0 - (4 - (-5 - -7))?
3
What is the value of (11 - (3 + 26)) + 